{"id":39,"date":"2021-01-12T16:32:00","date_gmt":"2021-01-12T15:32:00","guid":{"rendered":"http:\/\/seamtech.be\/?page_id=39"},"modified":"2021-01-20T10:01:19","modified_gmt":"2021-01-20T09:01:19","slug":"electricite-domestique","status":"publish","type":"page","link":"https:\/\/seamtech.be\/index.php\/electricite-domestique\/","title":{"rendered":"\u00c9lectricit\u00e9 Domestique"},"content":{"rendered":"\n<div class=\"wp-block-getwid-section alignfull alignfull has-inner-blocks-gap-small getwid-section-content-custom-width\"><div class=\"wp-block-getwid-section__wrapper getwid-padding-left-medium getwid-padding-right-medium\"><div class=\"wp-block-getwid-section__inner-wrapper\" style=\"max-width:1139px\"><div class=\"wp-block-getwid-section__background-holder\"><div class=\"wp-block-getwid-section__background\"><\/div><div class=\"wp-block-getwid-section__foreground\"><\/div><\/div><div class=\"wp-block-getwid-section__content\"><div class=\"wp-block-getwid-section__inner-content\">\n<div class=\"wp-block-columns has-2-columns are-vertically-aligned-center\">\n<div class=\"wp-block-column is-vertically-aligned-center\">\n<div class=\"wp-block-getwid-images-slider has-arrows-inside has-dots-inside has-images-center has-cropped-images has-fixed-height\"><div class=\"wp-block-getwid-images-slider__wrapper\" data-effect=\"slide\" data-slides-show=\"1\" data-slides-show-laptop=\"1\" data-slides-show-tablet=\"1\" data-slides-show-mobile=\"1\" data-slides-scroll=\"1\" data-autoplay=\"false\" data-autoplay-speed=\"6000\" data-infinite=\"true\" data-animation-speed=\"800\" data-center-mode=\"false\" data-variable-width=\"false\" data-arrows=\"inside\" data-dots=\"inside\" data-spacing=\"none\"><div class=\"wp-block-getwid-images-slider__item\" style=\"height:523px\"><figure><img loading=\"lazy\" width=\"2560\" height=\"1920\" src=\"http:\/\/seamtech.be\/wp-content\/uploads\/2021\/01\/IMG_3597-scaled.jpg\" data-id=\"345\" data-link=\"http:\/\/seamtech.be\/index.php\/electricite-domestique\/img_3597\/\" data-original-link=\"http:\/\/seamtech.be\/wp-content\/uploads\/2021\/01\/IMG_3597-scaled.jpg\" class=\"wp-block-getwid-images-slider__image wp-image-345\" srcset=\"https:\/\/seamtech.be\/wp-content\/uploads\/2021\/01\/IMG_3597-scaled.jpg 2560w, https:\/\/seamtech.be\/wp-content\/uploads\/2021\/01\/IMG_3597-300x225.jpg 300w, https:\/\/seamtech.be\/wp-content\/uploads\/2021\/01\/IMG_3597-1024x768.jpg 1024w, https:\/\/seamtech.be\/wp-content\/uploads\/2021\/01\/IMG_3597-768x576.jpg 768w, https:\/\/seamtech.be\/wp-content\/uploads\/2021\/01\/IMG_3597-1536x1152.jpg 1536w, https:\/\/seamtech.be\/wp-content\/uploads\/2021\/01\/IMG_3597-2048x1536.jpg 2048w\" sizes=\"(max-width: 2560px) 100vw, 2560px\" \/><\/figure><\/div><div class=\"wp-block-getwid-images-slider__item\" style=\"height:523px\"><figure><img loading=\"lazy\" width=\"1169\" height=\"826\" src=\"http:\/\/seamtech.be\/wp-content\/uploads\/2021\/01\/15-0.png\" data-id=\"356\" data-link=\"http:\/\/seamtech.be\/15-0\/\" data-original-link=\"http:\/\/seamtech.be\/wp-content\/uploads\/2021\/01\/15-0.png\" class=\"wp-block-getwid-images-slider__image wp-image-356\" srcset=\"https:\/\/seamtech.be\/wp-content\/uploads\/2021\/01\/15-0.png 1169w, https:\/\/seamtech.be\/wp-content\/uploads\/2021\/01\/15-0-300x212.png 300w, https:\/\/seamtech.be\/wp-content\/uploads\/2021\/01\/15-0-1024x724.png 1024w, https:\/\/seamtech.be\/wp-content\/uploads\/2021\/01\/15-0-768x543.png 768w\" sizes=\"(max-width: 1169px) 100vw, 1169px\" \/><\/figure><\/div><div class=\"wp-block-getwid-images-slider__item\" style=\"height:523px\"><figure><img loading=\"lazy\" width=\"748\" height=\"468\" src=\"http:\/\/seamtech.be\/wp-content\/uploads\/2021\/01\/unifilaire1.png\" data-id=\"355\" data-link=\"http:\/\/seamtech.be\/unifilaire1\/\" data-original-link=\"http:\/\/seamtech.be\/wp-content\/uploads\/2021\/01\/unifilaire1.png\" class=\"wp-block-getwid-images-slider__image wp-image-355\" srcset=\"https:\/\/seamtech.be\/wp-content\/uploads\/2021\/01\/unifilaire1.png 748w, https:\/\/seamtech.be\/wp-content\/uploads\/2021\/01\/unifilaire1-300x188.png 300w\" sizes=\"(max-width: 748px) 100vw, 748px\" \/><\/figure><\/div><div class=\"wp-block-getwid-images-slider__item\" style=\"height:523px\"><figure><img loading=\"lazy\" width=\"1080\" height=\"1440\" src=\"http:\/\/seamtech.be\/wp-content\/uploads\/2021\/01\/coffret-7.jpg\" data-id=\"343\" data-link=\"http:\/\/seamtech.be\/index.php\/electricite-domestique\/coffret-7\/\" data-original-link=\"http:\/\/seamtech.be\/wp-content\/uploads\/2021\/01\/coffret-7.jpg\" class=\"wp-block-getwid-images-slider__image wp-image-343\" srcset=\"https:\/\/seamtech.be\/wp-content\/uploads\/2021\/01\/coffret-7.jpg 1080w, https:\/\/seamtech.be\/wp-content\/uploads\/2021\/01\/coffret-7-225x300.jpg 225w, https:\/\/seamtech.be\/wp-content\/uploads\/2021\/01\/coffret-7-768x1024.jpg 768w\" sizes=\"(max-width: 1080px) 100vw, 1080px\" \/><\/figure><\/div><div class=\"wp-block-getwid-images-slider__item\" style=\"height:523px\"><figure><img loading=\"lazy\" width=\"1920\" height=\"2560\" src=\"http:\/\/seamtech.be\/wp-content\/uploads\/2021\/01\/IMG_3495-scaled.jpg\" data-id=\"199\" data-link=\"http:\/\/seamtech.be\/index.php\/galeries\/img_3495\/\" data-original-link=\"http:\/\/seamtech.be\/wp-content\/uploads\/2021\/01\/IMG_3495-scaled.jpg\" class=\"wp-block-getwid-images-slider__image wp-image-199\" srcset=\"https:\/\/seamtech.be\/wp-content\/uploads\/2021\/01\/IMG_3495-scaled.jpg 1920w, https:\/\/seamtech.be\/wp-content\/uploads\/2021\/01\/IMG_3495-225x300.jpg 225w, https:\/\/seamtech.be\/wp-content\/uploads\/2021\/01\/IMG_3495-768x1024.jpg 768w, https:\/\/seamtech.be\/wp-content\/uploads\/2021\/01\/IMG_3495-1152x1536.jpg 1152w, https:\/\/seamtech.be\/wp-content\/uploads\/2021\/01\/IMG_3495-1536x2048.jpg 1536w\" sizes=\"(max-width: 1920px) 100vw, 1920px\" \/><figcaption class=\"wp-block-getwid-images-slider__caption\">Coffret de distribution BT<\/figcaption><\/figure><\/div><div class=\"wp-block-getwid-images-slider__item\" style=\"height:523px\"><figure><img loading=\"lazy\" width=\"1920\" height=\"2560\" src=\"http:\/\/seamtech.be\/wp-content\/uploads\/2021\/01\/IMG_2139-scaled.jpg\" data-id=\"195\" data-link=\"http:\/\/seamtech.be\/index.php\/galeries\/img_2139\/\" data-original-link=\"http:\/\/seamtech.be\/wp-content\/uploads\/2021\/01\/IMG_2139-scaled.jpg\" class=\"wp-block-getwid-images-slider__image wp-image-195\" srcset=\"https:\/\/seamtech.be\/wp-content\/uploads\/2021\/01\/IMG_2139-scaled.jpg 1920w, https:\/\/seamtech.be\/wp-content\/uploads\/2021\/01\/IMG_2139-225x300.jpg 225w, https:\/\/seamtech.be\/wp-content\/uploads\/2021\/01\/IMG_2139-768x1024.jpg 768w, https:\/\/seamtech.be\/wp-content\/uploads\/2021\/01\/IMG_2139-1152x1536.jpg 1152w, https:\/\/seamtech.be\/wp-content\/uploads\/2021\/01\/IMG_2139-1536x2048.jpg 1536w\" sizes=\"(max-width: 1920px) 100vw, 1920px\" \/><figcaption class=\"wp-block-getwid-images-slider__caption\">Coffret domotique 1<\/figcaption><\/figure><\/div><div class=\"wp-block-getwid-images-slider__item\" style=\"height:523px\"><figure><img loading=\"lazy\" width=\"1920\" height=\"2560\" src=\"http:\/\/seamtech.be\/wp-content\/uploads\/2021\/01\/IMG_0840-scaled.jpg\" data-id=\"194\" data-link=\"http:\/\/seamtech.be\/index.php\/galeries\/img_0840\/\" data-original-link=\"http:\/\/seamtech.be\/wp-content\/uploads\/2021\/01\/IMG_0840-scaled.jpg\" class=\"wp-block-getwid-images-slider__image wp-image-194\" srcset=\"https:\/\/seamtech.be\/wp-content\/uploads\/2021\/01\/IMG_0840-scaled.jpg 1920w, https:\/\/seamtech.be\/wp-content\/uploads\/2021\/01\/IMG_0840-225x300.jpg 225w, https:\/\/seamtech.be\/wp-content\/uploads\/2021\/01\/IMG_0840-768x1024.jpg 768w, https:\/\/seamtech.be\/wp-content\/uploads\/2021\/01\/IMG_0840-1152x1536.jpg 1152w, https:\/\/seamtech.be\/wp-content\/uploads\/2021\/01\/IMG_0840-1536x2048.jpg 1536w\" sizes=\"(max-width: 1920px) 100vw, 1920px\" \/><figcaption class=\"wp-block-getwid-images-slider__caption\">Coffret de distribution 2<\/figcaption><\/figure><\/div><div class=\"wp-block-getwid-images-slider__item\" style=\"height:523px\"><figure><img loading=\"lazy\" width=\"2560\" height=\"1920\" src=\"http:\/\/seamtech.be\/wp-content\/uploads\/2021\/01\/IMG_3491-scaled.jpg\" data-id=\"198\" data-link=\"http:\/\/seamtech.be\/index.php\/galeries\/img_3491\/\" data-original-link=\"http:\/\/seamtech.be\/wp-content\/uploads\/2021\/01\/IMG_3491-scaled.jpg\" class=\"wp-block-getwid-images-slider__image wp-image-198\" srcset=\"https:\/\/seamtech.be\/wp-content\/uploads\/2021\/01\/IMG_3491-scaled.jpg 2560w, https:\/\/seamtech.be\/wp-content\/uploads\/2021\/01\/IMG_3491-300x225.jpg 300w, https:\/\/seamtech.be\/wp-content\/uploads\/2021\/01\/IMG_3491-1024x768.jpg 1024w, https:\/\/seamtech.be\/wp-content\/uploads\/2021\/01\/IMG_3491-768x576.jpg 768w, https:\/\/seamtech.be\/wp-content\/uploads\/2021\/01\/IMG_3491-1536x1152.jpg 1536w, https:\/\/seamtech.be\/wp-content\/uploads\/2021\/01\/IMG_3491-2048x1536.jpg 2048w\" sizes=\"(max-width: 2560px) 100vw, 2560px\" \/><figcaption class=\"wp-block-getwid-images-slider__caption\">Installation<\/figcaption><\/figure><\/div><div class=\"wp-block-getwid-images-slider__item\" style=\"height:523px\"><figure><img loading=\"lazy\" width=\"2560\" height=\"1920\" src=\"http:\/\/seamtech.be\/wp-content\/uploads\/2021\/01\/20190704_114420733_iOS-scaled.jpg\" data-id=\"341\" data-link=\"http:\/\/seamtech.be\/index.php\/electricite-domestique\/20190704_114420733_ios\/\" data-original-link=\"http:\/\/seamtech.be\/wp-content\/uploads\/2021\/01\/20190704_114420733_iOS-scaled.jpg\" class=\"wp-block-getwid-images-slider__image wp-image-341\" srcset=\"https:\/\/seamtech.be\/wp-content\/uploads\/2021\/01\/20190704_114420733_iOS-scaled.jpg 2560w, https:\/\/seamtech.be\/wp-content\/uploads\/2021\/01\/20190704_114420733_iOS-300x225.jpg 300w, https:\/\/seamtech.be\/wp-content\/uploads\/2021\/01\/20190704_114420733_iOS-1024x768.jpg 1024w, https:\/\/seamtech.be\/wp-content\/uploads\/2021\/01\/20190704_114420733_iOS-768x576.jpg 768w, https:\/\/seamtech.be\/wp-content\/uploads\/2021\/01\/20190704_114420733_iOS-1536x1152.jpg 1536w, https:\/\/seamtech.be\/wp-content\/uploads\/2021\/01\/20190704_114420733_iOS-2048x1536.jpg 2048w\" sizes=\"(max-width: 2560px) 100vw, 2560px\" \/><\/figure><\/div><div class=\"wp-block-getwid-images-slider__item\" style=\"height:523px\"><figure><img loading=\"lazy\" width=\"1920\" height=\"2560\" src=\"http:\/\/seamtech.be\/wp-content\/uploads\/2021\/01\/IMG_2575-1-scaled.jpg\" data-id=\"344\" data-link=\"http:\/\/seamtech.be\/index.php\/electricite-domestique\/img_2575-2\/\" data-original-link=\"http:\/\/seamtech.be\/wp-content\/uploads\/2021\/01\/IMG_2575-1-scaled.jpg\" class=\"wp-block-getwid-images-slider__image wp-image-344\" srcset=\"https:\/\/seamtech.be\/wp-content\/uploads\/2021\/01\/IMG_2575-1-scaled.jpg 1920w, https:\/\/seamtech.be\/wp-content\/uploads\/2021\/01\/IMG_2575-1-225x300.jpg 225w, https:\/\/seamtech.be\/wp-content\/uploads\/2021\/01\/IMG_2575-1-768x1024.jpg 768w, https:\/\/seamtech.be\/wp-content\/uploads\/2021\/01\/IMG_2575-1-1152x1536.jpg 1152w, https:\/\/seamtech.be\/wp-content\/uploads\/2021\/01\/IMG_2575-1-1536x2048.jpg 1536w\" sizes=\"(max-width: 1920px) 100vw, 1920px\" \/><\/figure><\/div><div class=\"wp-block-getwid-images-slider__item\" style=\"height:523px\"><figure><img loading=\"lazy\" width=\"1920\" height=\"2560\" src=\"http:\/\/seamtech.be\/wp-content\/uploads\/2021\/01\/IMG_3945-scaled.jpg\" data-id=\"339\" data-link=\"http:\/\/seamtech.be\/index.php\/electricite-domestique\/img_3945\/\" data-original-link=\"http:\/\/seamtech.be\/wp-content\/uploads\/2021\/01\/IMG_3945-scaled.jpg\" class=\"wp-block-getwid-images-slider__image wp-image-339\" srcset=\"https:\/\/seamtech.be\/wp-content\/uploads\/2021\/01\/IMG_3945-scaled.jpg 1920w, https:\/\/seamtech.be\/wp-content\/uploads\/2021\/01\/IMG_3945-225x300.jpg 225w, https:\/\/seamtech.be\/wp-content\/uploads\/2021\/01\/IMG_3945-768x1024.jpg 768w, https:\/\/seamtech.be\/wp-content\/uploads\/2021\/01\/IMG_3945-1152x1536.jpg 1152w, https:\/\/seamtech.be\/wp-content\/uploads\/2021\/01\/IMG_3945-1536x2048.jpg 1536w\" sizes=\"(max-width: 1920px) 100vw, 1920px\" \/><\/figure><\/div><div class=\"wp-block-getwid-images-slider__item\" style=\"height:523px\"><figure><img loading=\"lazy\" width=\"1920\" height=\"2560\" src=\"http:\/\/seamtech.be\/wp-content\/uploads\/2021\/01\/20190228_150454017_iOS-1-scaled.jpg\" data-id=\"340\" data-link=\"http:\/\/seamtech.be\/index.php\/electricite-domestique\/20190228_150454017_ios-2\/\" data-original-link=\"http:\/\/seamtech.be\/wp-content\/uploads\/2021\/01\/20190228_150454017_iOS-1-scaled.jpg\" class=\"wp-block-getwid-images-slider__image wp-image-340\" srcset=\"https:\/\/seamtech.be\/wp-content\/uploads\/2021\/01\/20190228_150454017_iOS-1-scaled.jpg 1920w, https:\/\/seamtech.be\/wp-content\/uploads\/2021\/01\/20190228_150454017_iOS-1-225x300.jpg 225w, https:\/\/seamtech.be\/wp-content\/uploads\/2021\/01\/20190228_150454017_iOS-1-768x1024.jpg 768w, https:\/\/seamtech.be\/wp-content\/uploads\/2021\/01\/20190228_150454017_iOS-1-1152x1536.jpg 1152w, https:\/\/seamtech.be\/wp-content\/uploads\/2021\/01\/20190228_150454017_iOS-1-1536x2048.jpg 1536w\" sizes=\"(max-width: 1920px) 100vw, 1920px\" \/><\/figure><\/div><\/div><\/div>\n<\/div>\n\n\n\n<div class=\"wp-block-column is-vertically-aligned-center\">\n<div class=\"wp-block-getwid-section\"><div class=\"wp-block-getwid-section__wrapper getwid-padding-top-none getwid-padding-bottom-none getwid-padding-left-medium getwid-padding-right-none getwid-padding-mobile-left-none\"><div class=\"wp-block-getwid-section__inner-wrapper\"><div class=\"wp-block-getwid-section__background-holder\"><div class=\"wp-block-getwid-section__background\"><\/div><div class=\"wp-block-getwid-section__foreground\"><\/div><\/div><div class=\"wp-block-getwid-section__content\"><div class=\"wp-block-getwid-section__inner-content\">\n<h2 class=\"has-neve-link-hover-color-color has-text-color has-background\" style=\"font-size:47px;background-color:#d7d7d7\"><strong>Nouvelle Construction <\/strong><\/h2>\n\n\n\n<p id=\"domestique22\">Une nouvelle construction ? Le placement de l&#8217;\u00e9lectricit\u00e9 est un point crucial de votre projet. Profitez de notre exp\u00e9rience pour vous conseillez.<\/p>\n\n\n\n<ul><li>Nouvelle installation <\/li><li>r\u00e9alisation des plans<\/li><li>Domotique \/ Gestion d&#8217;\u00e9clairage <\/li><li>Coffret de distribution <\/li><li>Placement de c\u00e2bles : <ul><li>\u00c9lectricit\u00e9<\/li><li>R\u00e9seau \/ TV \/ T\u00e9l\u00e9phone<\/li><li>Alarme \/ Cam\u00e9ra <\/li><\/ul><\/li><\/ul>\n\n\n\n<div class=\"wp-block-getwid-advanced-spacer\" style=\"height:10px\" aria-hidden=\"true\"><\/div>\n<\/div><\/div><\/div><\/div><\/div>\n\n\n\n<p><\/p>\n<\/div>\n<\/div>\n<\/div><\/div><\/div><\/div><\/div>\n\n\n\n<p><\/p>\n\n\n\n<div class=\"wp-block-getwid-section alignfull alignfull getwid-section-content-custom-width\"><div class=\"wp-block-getwid-section__wrapper getwid-padding-left-medium getwid-padding-right-medium\"><div class=\"wp-block-getwid-section__inner-wrapper\" style=\"max-width:1140px\"><div class=\"wp-block-getwid-section__background-holder\"><div class=\"wp-block-getwid-section__background\"><\/div><div class=\"wp-block-getwid-section__foreground\"><\/div><\/div><div class=\"wp-block-getwid-section__content\"><div class=\"wp-block-getwid-section__inner-content\">\n<div class=\"wp-block-columns has-2-columns are-vertically-aligned-center\">\n<div class=\"wp-block-column is-vertically-aligned-center\">\n<div class=\"wp-block-getwid-advanced-heading\" style=\"margin-bottom:30px;margin-top:10px\"><h2 class=\"wp-block-getwid-advanced-heading__content has-text-color has-neve-link-hover-color-color has-background\" style=\"background-color:#f3f3f3\"><strong>\u00c9clairage <\/strong><\/h2><\/div>\n\n\n\n<div class=\"wp-block-getwid-advanced-heading\" style=\"margin-bottom:0px;margin-top:0px\"><span class=\"wp-block-getwid-advanced-heading__content\">Un nouvel \u00e9clairage ? Profitez de nos conseils<\/span><\/div>\n\n\n\n<p>Viverra ipsum nunc aliquet bibendum enim facilisis gravida neque. Lobortis scelerisque fermentum dui faucibus in ornare quam viverra. Eget nullam non nisi est sit amet. Sit amet nulla facilisi morbi tempus iaculis. <\/p>\n\n\n\n<p>Nisl vel pretium lectus quam. Eu ultrices vitae auctor eu augue ut lectus arcu bibendum. Vitae et leo duis ut diam quam nulla. Fames ac turpis egestas integer. <\/p>\n\n\n\n<div class=\"wp-block-getwid-advanced-spacer\" style=\"height:10px\" aria-hidden=\"true\"><\/div>\n\n\n\n<div class=\"wp-block-button is-style-outline\"><a class=\"wp-block-button__link has-text-color\" href=\"#\" style=\"color:#000000\">Contact us<\/a><\/div>\n<\/div>\n\n\n\n<div class=\"wp-block-column is-vertically-aligned-center\">\n<div class=\"wp-block-getwid-images-slider has-arrows-inside has-dots-inside has-images-center has-cropped-images has-fixed-height\"><div class=\"wp-block-getwid-images-slider__wrapper\" data-effect=\"slide\" data-slides-show=\"1\" data-slides-show-laptop=\"1\" data-slides-show-tablet=\"1\" data-slides-show-mobile=\"1\" data-slides-scroll=\"1\" data-autoplay=\"false\" data-autoplay-speed=\"6000\" data-infinite=\"true\" data-animation-speed=\"800\" data-center-mode=\"false\" data-variable-width=\"false\" data-arrows=\"inside\" data-dots=\"inside\" data-spacing=\"none\"><div class=\"wp-block-getwid-images-slider__item\" style=\"height:500px\"><figure><img src=\"https:\/\/cgw.motopress.com\/wp-content\/uploads\/2019\/11\/person-1.jpg\" alt=\"\" data-id=\"\" class=\"wp-block-getwid-images-slider__image \"\/><\/figure><\/div><\/div><\/div>\n<\/div>\n<\/div>\n<\/div><\/div><\/div><\/div><\/div>\n","protected":false},"excerpt":{"rendered":"","protected":false},"author":1,"featured_media":0,"parent":0,"menu_order":0,"comment_status":"closed","ping_status":"closed","template":"","meta":{"neve_meta_sidebar":"","neve_meta_container":"","neve_meta_enable_content_width":"","neve_meta_content_width":0,"neve_meta_title_alignment":"","neve_meta_author_avatar":"","neve_post_elements_order":"","neve_meta_disable_header":"","neve_meta_disable_footer":"","neve_meta_disable_title":""},"_links":{"self":[{"href":"https:\/\/seamtech.be\/index.php\/wp-json\/wp\/v2\/pages\/39"}],"collection":[{"href":"https:\/\/seamtech.be\/index.php\/wp-json\/wp\/v2\/pages"}],"about":[{"href":"https:\/\/seamtech.be\/index.php\/wp-json\/wp\/v2\/types\/page"}],"author":[{"embeddable":true,"href":"https:\/\/seamtech.be\/index.php\/wp-json\/wp\/v2\/users\/1"}],"replies":[{"embeddable":true,"href":"https:\/\/seamtech.be\/index.php\/wp-json\/wp\/v2\/comments?post=39"}],"version-history":[{"count":14,"href":"https:\/\/seamtech.be\/index.php\/wp-json\/wp\/v2\/pages\/39\/revisions"}],"predecessor-version":[{"id":361,"href":"https:\/\/seamtech.be\/index.php\/wp-json\/wp\/v2\/pages\/39\/revisions\/361"}],"wp:attachment":[{"href":"https:\/\/seamtech.be\/index.php\/wp-json\/wp\/v2\/media?parent=39"}],"curies":[{"name":"wp","href":"https:\/\/api.w.org\/{rel}","templated":true}]}}